{"id":214,"date":"2025-04-24T10:41:47","date_gmt":"2025-04-24T08:41:47","guid":{"rendered":"https:\/\/www.cofleon.es\/?page_id=214"},"modified":"2025-04-24T13:39:41","modified_gmt":"2025-04-24T11:39:41","slug":"bolsa-de-trabajo","status":"publish","type":"page","link":"https:\/\/www.cofleon.es\/index.php\/bolsa-de-trabajo\/","title":{"rendered":"Bolsa de Trabajo"},"content":{"rendered":"<br \/>\n<style>\n.blog-post-title-wrapper h3, .blog-post-title-wrapper-full h3 {\n    font-size: 26px!important;\n    line-height: 42px!important;\n}\n <\/style>\n<div  id=\"Inicio\" style=\"max-width: 1200px; margin: 0 auto; padding: 0 20px; padding-top: 30px; padding-bottom: 30px;\">\n<section style=\"background-color: white; padding: 30px; border-radius: 5px; box-shadow: 0 2px 5px rgba(0,0,0,0.1); margin-bottom: 30px;\">\n      <h22 style=\"margin-bottom: 10px!important;\">Bolsa de Empleo<\/h22>\n<p style=\"padding: 10px!important;\">La bolsa de empleo del Colegio Oficial de Farmac\u00e9uticos de Cantabria es un espacio donde farmac\u00e9uticos colegiados pueden publicar ofertas de empleo y los interesados pueden consultarlas o registrarse como demandantes.<\/p>\n<\/section>\n<div style=\"display: flex; justify-content: space-between; margin-bottom: 30px; flex-wrap: wrap;\">\n<div style=\"flex: 1; min-width: 300px; background-color: white; border-radius: 5px; padding: 25px; box-shadow: 0 2px 5px rgba(0,0,0,0.1); margin: 0 15px 20px 0;\">\n<h3 style=\"color: #005a87; margin-top: 0; border-bottom: 2px solid #f0f0f0; padding-bottom: 10px; font-weight: bold;\">Farmac\u00e9uticos Colegiados<\/h3>\n<p>Si eres farmac\u00e9utico colegiado, puedes acceder al \u00e1rea privada para gestionar ofertas de empleo o consultar el listado de demandantes disponibles.<\/p>\n<p>        <a href=\"#\" style=\"display: inline-block; background-color: #005a87; color: white; text-decoration: none; padding: 10px 20px; border-radius: 4px; font-weight: bold; border: none; cursor: pointer; transition: background-color 0.3s;\">Acceso Colegiados<\/a>\n      <\/div>\n<div style=\"flex: 1; min-width: 300px; background-color: white; border-radius: 5px; padding: 25px; box-shadow: 0 2px 5px rgba(0,0,0,0.1); margin: 0 15px 20px 0;\">\n<h3 style=\"color: #005a87; margin-top: 0; border-bottom: 2px solid #f0f0f0; padding-bottom: 10px; font-weight: bold;\">Busco Empleo<\/h3>\n<p>Si est\u00e1s buscando empleo en el sector farmac\u00e9utico, puedes consultar las ofertas disponibles o registrarte como demandante de empleo.<\/p>\n<p>        <a href=\"\/cofcantabria\/index.php\/formulario-para-no-colegiados\/#Inicio\" style=\"display: inline-block; background-color: #5cb85c; color: white; text-decoration: none; padding: 10px 20px; border-radius: 4px; font-weight: bold; border: none; cursor: pointer; transition: background-color 0.3s;\">Registrarme como Demandante<\/a>\n      <\/div>\n<\/p><\/div>\n<div style=\"background-color: white; padding: 25px; border-radius: 5px; box-shadow: 0 2px 5px rgba(0,0,0,0.1); margin-bottom: 30px;\">\n<h3 style=\"margin-top: 0; border-bottom: 2px solid #f0f0f0; padding-bottom: 10px; color: #005a87; font-weight: bold;\">Explorador de Ofertas de Empleo<\/h3>\n<form action=\"#\" method=\"get\">\n<div style=\"display: grid; grid-template-columns: repeat(auto-fill, minmax(250px, 1fr)); gap: 20px; margin-bottom: 20px;\">\n<div style=\"margin-bottom: 15px;\"><label for=\"keyword\" style=\"display: block; margin-bottom: 5px; font-weight: bold;\">Palabra clave<\/label><input type=\"text\" id=\"keyword\" name=\"keyword\" placeholder=\"Buscar en t\u00edtulo o descripci\u00f3n\" style=\"width: 100%; padding: 8px 10px; border: 1px solid #ddd; border-radius: 4px; font-size: 14px;\"><\/div>\n<div style=\"margin-bottom: 15px;\"><label for=\"job_type\" style=\"display: block; margin-bottom: 5px; font-weight: bold;\">Tipo de oferta<\/label><select id=\"job_type\" name=\"job_type\" style=\"width: 100%; padding: 8px 10px; border: 1px solid #ddd; border-radius: 4px; font-size: 14px;\"><option value=\"\">Todos los tipos<\/option><option value=\"1\">Farmac\u00e9utico<\/option><option value=\"2\">T\u00e9cnico en Farmacia<\/option><option value=\"3\">Auxiliar de Farmacia<\/option><option value=\"4\">Otros perfiles profesionales<\/option><\/select><\/div>\n<div style=\"margin-bottom: 15px;\"><label for=\"category\" style=\"display: block; margin-bottom: 5px; font-weight: bold;\">Categor\u00eda Profesional<\/label><select id=\"category\" name=\"category\" style=\"width: 100%; padding: 8px 10px; border: 1px solid #ddd; border-radius: 4px; font-size: 14px;\"><option value=\"\">Todas las categor\u00edas<\/option><option value=\"1\">Adjunto<\/option><option value=\"2\">Analista<\/option><option value=\"3\">Asuntos Regulatorios \/ Registros<\/option><option value=\"4\">Calidad<\/option><option value=\"5\">Comercial \/ Marketing<\/option><option value=\"6\">Director T\u00e9cnico<\/option><option value=\"7\">Oficina de Farmacia<\/option><option value=\"8\">Otros<\/option><option value=\"9\">Titular<\/option><\/select><\/div>\n<div style=\"margin-bottom: 15px;\"><label for=\"contract\" style=\"display: block; margin-bottom: 5px; font-weight: bold;\">Tipo de Contrato<\/label><select id=\"contract\" name=\"contract\" style=\"width: 100%; padding: 8px 10px; border: 1px solid #ddd; border-radius: 4px; font-size: 14px;\"><option value=\"\">Todos los contratos<\/option><option value=\"1\">Indefinido<\/option><option value=\"2\">Temporal<\/option><option value=\"3\">Formaci\u00f3n \/ Aprendizaje<\/option><option value=\"4\">Pr\u00e1cticas<\/option><option value=\"5\">Aut\u00f3nomo<\/option><option value=\"6\">Interinidad<\/option><option value=\"7\">Otros<\/option><\/select><\/div>\n<div style=\"margin-bottom: 15px;\"><label for=\"schedule\" style=\"display: block; margin-bottom: 5px; font-weight: bold;\">Jornada Laboral<\/label><select id=\"schedule\" name=\"schedule\" style=\"width: 100%; padding: 8px 10px; border: 1px solid #ddd; border-radius: 4px; font-size: 14px;\"><option value=\"\">Todas las jornadas<\/option><option value=\"1\">Completa<\/option><option value=\"2\">Parcial &#8211; Ma\u00f1ana<\/option><option value=\"3\">Parcial &#8211; Tarde<\/option><option value=\"4\">Parcial &#8211; Noche<\/option><option value=\"5\">Parcial &#8211; Fin de semana<\/option><option value=\"6\">Intensiva &#8211; Ma\u00f1ana<\/option><option value=\"7\">Intensiva &#8211; Tarde<\/option><option value=\"8\">Otras<\/option><\/select><\/div>\n<div style=\"margin-bottom: 15px;\"><label for=\"province\" style=\"display: block; margin-bottom: 5px; font-weight: bold;\">Provincia<\/label><select id=\"province\" name=\"province\" style=\"width: 100%; padding: 8px 10px; border: 1px solid #ddd; border-radius: 4px; font-size: 14px;\"><option value=\"\">Todas las provincias<\/option><option value=\"1\">Cantabria<\/option><option value=\"2\">Otra Provincia<\/option><\/select><\/div>\n<div style=\"margin-bottom: 15px;\"><label for=\"city\" style=\"display: block; margin-bottom: 5px; font-weight: bold;\">Municipio<\/label><select id=\"city\" name=\"city\" style=\"width: 100%; padding: 8px 10px; border: 1px solid #ddd; border-radius: 4px; font-size: 14px;\"><option value=\"\">Todos los municipios<\/option><option value=\"1\">Santander<\/option><option value=\"2\">Torrelavega<\/option><option value=\"3\">Castro Urdiales<\/option><option value=\"4\">Camargo<\/option><option value=\"5\">Pi\u00e9lagos<\/option><option value=\"6\">Laredo<\/option><\/select><\/div>\n<div style=\"margin-bottom: 15px;\"><label for=\"salary_from\" style=\"display: block; margin-bottom: 5px; font-weight: bold;\">Salario desde (\u20ac)<\/label><input type=\"number\" id=\"salary_from\" name=\"salary_from\" placeholder=\"M\u00ednimo\" style=\"width: 100%; padding: 8px 10px; border: 1px solid #ddd; border-radius: 4px; font-size: 14px;\"><\/div>\n<div style=\"margin-bottom: 15px;\"><label for=\"salary_to\" style=\"display: block; margin-bottom: 5px; font-weight: bold;\">Salario hasta (\u20ac)<\/label><input type=\"number\" id=\"salary_to\" name=\"salary_to\" placeholder=\"M\u00e1ximo\" style=\"width: 100%; padding: 8px 10px; border: 1px solid #ddd; border-radius: 4px; font-size: 14px;\"><\/div>\n<div style=\"margin-bottom: 15px;\"><label for=\"date\" style=\"display: block; margin-bottom: 5px; font-weight: bold;\">Fecha de publicaci\u00f3n<\/label><select id=\"date\" name=\"date\" style=\"width: 100%; padding: 8px 10px; border: 1px solid #ddd; border-radius: 4px; font-size: 14px;\"><option value=\"\">Cualquier fecha<\/option><option value=\"1\">\u00daltimas 24 horas<\/option><option value=\"7\">\u00daltimos 7 d\u00edas<\/option><option value=\"15\">\u00daltimos 15 d\u00edas<\/option><option value=\"30\">\u00daltimo mes<\/option><option value=\"0\">Desde siempre<\/option><\/select><\/div>\n<\/p><\/div>\n<div style=\"display: flex; justify-content: space-between; margin-top: 20px;\">\n          <button type=\"submit\" style=\"display: inline-block; background-color: #005a87; color: white; text-decoration: none; padding: 10px 20px; border-radius: 4px; font-weight: bold; border: none; cursor: pointer; transition: background-color 0.3s;\">Buscar<\/button><br \/>\n          <button type=\"reset\" style=\"display: inline-block; background-color: #999; color: white; text-decoration: none; padding: 10px 20px; border-radius: 4px; font-weight: bold; border: none; cursor: pointer; transition: background-color 0.3s;\">Limpiar<\/button>\n        <\/div>\n<\/p><\/form>\n<\/p><\/div>\n<div style=\"background-color: white; padding: 25px; border-radius: 5px; box-shadow: 0 2px 5px rgba(0,0,0,0.1);\">\n<div style=\"display: flex; justify-content: space-between; align-items: center; margin-bottom: 20px; padding-bottom: 10px; border-bottom: 1px solid #eee;\">\n<div>\n          <strong>15 ofertas encontradas<\/strong>\n        <\/div>\n<div>\n          <label for=\"sort\">Ordenar por:<\/label><br \/>\n          <select id=\"sort\" name=\"sort\" style=\"padding: 8px 10px; border: 1px solid #ddd; border-radius: 4px; font-size: 14px;\"><option value=\"date\">Fecha de publicaci\u00f3n<\/option><option value=\"relevance\">Relevancia<\/option><\/select>\n        <\/div>\n<\/p><\/div>\n<ul style=\"list-style: none; padding: 0; margin: 0;\">\n<li style=\"padding: 15px 0; border-bottom: 1px solid #eee;\">\n          <a href=\"#job1\" style=\"font-size: 18px; color: #005a87; margin: 0 0 5px 0; text-decoration: none; font-weight: bold;\">Farmac\u00e9utico\/a Adjunto Jornada Completa<\/a><\/p>\n<div style=\"font-size: 14px; color: #666; display: flex; flex-wrap: wrap;\">\n            <span style=\"margin-right: 15px;\"><i>\ud83d\udccd<\/i> Santander (capital)<\/span><br \/>\n            <span style=\"margin-right: 15px;\"><i>\ud83d\udd52<\/i> Jornada Completa<\/span><br \/>\n            <span style=\"margin-right: 15px;\"><i>\ud83d\udcc5<\/i> Publicada: 02\/04\/2025<\/span>\n          <\/div>\n<\/li>\n<li style=\"padding: 15px 0; border-bottom: 1px solid #eee;\">\n          <a href=\"#job2\" style=\"font-size: 18px; color: #005a87; margin: 0 0 5px 0; text-decoration: none; font-weight: bold;\">T\u00e9cnico en Farmacia &#8211; Sustituci\u00f3n vacaciones<\/a><\/p>\n<div style=\"font-size: 14px; color: #666; display: flex; flex-wrap: wrap;\">\n            <span style=\"margin-right: 15px;\"><i>\ud83d\udccd<\/i> Torrelavega<\/span><br \/>\n            <span style=\"margin-right: 15px;\"><i>\ud83d\udd52<\/i> Temporal<\/span><br \/>\n            <span style=\"margin-right: 15px;\"><i>\ud83d\udcc5<\/i> Publicada: 01\/04\/2025<\/span>\n          <\/div>\n<\/li>\n<li style=\"padding: 15px 0; border-bottom: 1px solid #eee;\">\n          <a href=\"#job3\" style=\"font-size: 18px; color: #005a87; margin: 0 0 5px 0; text-decoration: none; font-weight: bold;\">Farmac\u00e9utico\/a para guardias fin de semana<\/a><\/p>\n<div style=\"font-size: 14px; color: #666; display: flex; flex-wrap: wrap;\">\n            <span style=\"margin-right: 15px;\"><i>\ud83d\udccd<\/i> Castro Urdiales<\/span><br \/>\n            <span style=\"margin-right: 15px;\"><i>\ud83d\udd52<\/i> Parcial &#8211; Fin de semana<\/span><br \/>\n            <span style=\"margin-right: 15px;\"><i>\ud83d\udcc5<\/i> Publicada: 31\/03\/2025<\/span>\n          <\/div>\n<\/li>\n<li style=\"padding: 15px 0; border-bottom: 1px solid #eee;\">\n          <a href=\"#\" style=\"font-size: 18px; color: #005a87; margin: 0 0 5px 0; text-decoration: none; font-weight: bold;\">Auxiliar de Farmacia &#8211; Turno de tarde<\/a><\/p>\n<div style=\"font-size: 14px; color: #666; display: flex; flex-wrap: wrap;\">\n            <span style=\"margin-right: 15px;\"><i>\ud83d\udccd<\/i> Santander (capital)<\/span><br \/>\n            <span style=\"margin-right: 15px;\"><i>\ud83d\udd52<\/i> Parcial &#8211; Tarde<\/span><br \/>\n            <span style=\"margin-right: 15px;\"><i>\ud83d\udcc5<\/i> Publicada: 30\/03\/2025<\/span>\n          <\/div>\n<\/li>\n<li style=\"padding: 15px 0; border-bottom: 1px solid #eee;\">\n          <a href=\"#\" style=\"font-size: 18px; color: #005a87; margin: 0 0 5px 0; text-decoration: none; font-weight: bold;\">Farmac\u00e9utico\/a Adjunto con experiencia en formulaci\u00f3n<\/a><\/p>\n<div style=\"font-size: 14px; color: #666; display: flex; flex-wrap: wrap;\">\n            <span style=\"margin-right: 15px;\"><i>\ud83d\udccd<\/i> Laredo<\/span><br \/>\n            <span style=\"margin-right: 15px;\"><i>\ud83d\udd52<\/i> Jornada Completa<\/span><br \/>\n            <span style=\"margin-right: 15px;\"><i>\ud83d\udcc5<\/i> Publicada: 28\/03\/2025<\/span>\n          <\/div>\n<\/li>\n<\/ul>\n<div style=\"margin-top: 20px; display: flex; justify-content: center; align-items: center;\">\n        <a href=\"#\" style=\"display: inline-block; padding: 8px 12px; margin: 0 5px; border: 1px solid #ddd; border-radius: 4px; text-decoration: none; color: #005a87; background-color: #005a87; color: white; border-color: #005a87;\">1<\/a><br \/>\n        <a href=\"#\" style=\"display: inline-block; padding: 8px 12px; margin: 0 5px; border: 1px solid #ddd; border-radius: 4px; text-decoration: none; color: #005a87;\">2<\/a><br \/>\n        <a href=\"#\" style=\"display: inline-block; padding: 8px 12px; margin: 0 5px; border: 1px solid #ddd; border-radius: 4px; text-decoration: none; color: #005a87;\">3<\/a><br \/>\n        <a href=\"#\" style=\"display: inline-block; padding: 8px 12px; margin: 0 5px; border: 1px solid #ddd; border-radius: 4px; text-decoration: none; color: #005a87;\">Siguiente \u00bb<\/a>\n      <\/div>\n<\/p><\/div>\n<div id=\"job1\" style=\"background-color: white; padding: 30px; border-radius: 5px; box-shadow: 0 2px 5px rgba(0,0,0,0.1); margin-top: 30px;\">\n<h2 style=\"color: #005a87; margin-top: 0; padding-bottom: 15px; border-bottom: 2px solid #f0f0f0; font-weight: bold;\">Farmac\u00e9utico\/a Adjunto Jornada Completa<\/h2>\n<div style=\"margin-bottom: 20px; color: #666; font-size: 15px;\">\n<p style=\"margin: 5px 0;\"><strong>Localidad:<\/strong> Santander (capital)<\/p>\n<p style=\"margin: 5px 0;\"><strong>Tipo de contrato:<\/strong> Indefinido<\/p>\n<p style=\"margin: 5px 0;\"><strong>Jornada:<\/strong> Completa<\/p>\n<p style=\"margin: 5px 0;\"><strong>Salario:<\/strong> 24.000\u20ac &#8211; 28.000\u20ac brutos\/a\u00f1o<\/p>\n<p style=\"margin: 5px 0;\"><strong>Fecha de publicaci\u00f3n:<\/strong> 02\/04\/2025<\/p>\n<\/p><\/div>\n<div style=\"margin-bottom: 25px;\">\n<h3 style=\"color: #005a87; font-size: 18px; margin-bottom: 10px; font-weight: bold;\">Descripci\u00f3n del puesto<\/h3>\n<p>Farmacia situada en el centro de Santander precisa incorporar un\/a farmac\u00e9utico\/a adjunto\/a con contrato indefinido a jornada completa. Se ofrece estabilidad laboral y buen ambiente de trabajo.<\/p>\n<\/p><\/div>\n<div style=\"margin-bottom: 25px;\">\n<h3 style=\"color: #005a87; font-size: 18px; margin-bottom: 10px; font-weight: bold;\">Requisitos<\/h3>\n<ul style=\"padding-left: 20px;\">\n<li>Licenciatura o Grado en Farmacia<\/li>\n<li>Colegiaci\u00f3n en vigor<\/li>\n<li>Experiencia m\u00ednima de 1 a\u00f1o en oficina de farmacia<\/li>\n<li>Conocimientos de gesti\u00f3n y dispensaci\u00f3n de medicamentos<\/li>\n<li>Habilidades comunicativas y orientaci\u00f3n al cliente<\/li>\n<\/ul><\/div>\n<div style=\"margin-bottom: 25px;\">\n<h3 style=\"color: #005a87; font-size: 18px; margin-bottom: 10px; font-weight: bold;\">Se ofrece<\/h3>\n<ul style=\"padding-left: 20px;\">\n<li>Contrato indefinido<\/li>\n<li>Jornada completa de lunes a viernes<\/li>\n<li>Salario competitivo seg\u00fan val\u00eda y experiencia<\/li>\n<li>Formaci\u00f3n continua<\/li>\n<li>Incorporaci\u00f3n inmediata<\/li>\n<\/ul><\/div>\n<div style=\"background-color: #f9f9f9; padding: 20px; border-radius: 5px; margin-top: 20px;\">\n<h3 style=\"margin-top: 0; color: #333; font-weight: bold;\">Informaci\u00f3n de contacto<\/h3>\n<p>Si est\u00e1s interesado\/a en esta oferta, puedes contactar directamente con:<\/p>\n<p><strong>Email:<\/strong> farmacia.ejemplo@cofcantabria.es<\/p>\n<p><strong>Tel\u00e9fono:<\/strong> 942 XXX XXX<\/p>\n<p><em>Indica en el asunto la referencia: REF-2025-042<\/em><\/p>\n<\/p><\/div>\n<\/p><\/div>\n<\/p><\/div>\n","protected":false},"excerpt":{"rendered":"<p>Bolsa de Empleo La bolsa de empleo del Colegio Oficial de Farmac\u00e9uticos de Cantabria es un espacio donde farmac\u00e9uticos colegiados pueden publicar ofertas de empleo y los interesados pueden consultarlas o registrarse como demandantes. Farmac\u00e9uticos Colegiados Si eres farmac\u00e9utico colegiado, puedes acceder al \u00e1rea privada para gestionar ofertas de empleo o consultar el listado de [&hellip;]<\/p>\n","protected":false},"author":1,"featured_media":0,"parent":0,"menu_order":0,"comment_status":"closed","ping_status":"closed","template":"page-full-width.php","meta":{"_acf_changed":false,"footnotes":""},"class_list":["post-214","page","type-page","status-publish","hentry"],"acf":[],"_links":{"self":[{"href":"https:\/\/www.cofleon.es\/index.php\/wp-json\/wp\/v2\/pages\/214","targetHints":{"allow":["GET"]}}],"collection":[{"href":"https:\/\/www.cofleon.es\/index.php\/wp-json\/wp\/v2\/pages"}],"about":[{"href":"https:\/\/www.cofleon.es\/index.php\/wp-json\/wp\/v2\/types\/page"}],"author":[{"embeddable":true,"href":"https:\/\/www.cofleon.es\/index.php\/wp-json\/wp\/v2\/users\/1"}],"replies":[{"embeddable":true,"href":"https:\/\/www.cofleon.es\/index.php\/wp-json\/wp\/v2\/comments?post=214"}],"version-history":[{"count":24,"href":"https:\/\/www.cofleon.es\/index.php\/wp-json\/wp\/v2\/pages\/214\/revisions"}],"predecessor-version":[{"id":250,"href":"https:\/\/www.cofleon.es\/index.php\/wp-json\/wp\/v2\/pages\/214\/revisions\/250"}],"wp:attachment":[{"href":"https:\/\/www.cofleon.es\/index.php\/wp-json\/wp\/v2\/media?parent=214"}],"curies":[{"name":"wp","href":"https:\/\/api.w.org\/{rel}","templated":true}]}}